hen 12078 is divided by 2012?
6
Calculate the remainder when 14259 is divided by 143.
102
What is the remainder when 11731 is divided by 790?
671
What is the remainder when 422 is divided by 23?
8
What is the remainder when 1217 is divided by 194?
53
Calculate the remainder when 37259 is divided by 270.
269
What is the remainder when 2689827 is divided by 390?
387
Calculate the remainder when 3859 is divided by 77.
9
What is the remainder when 4883 is divided by 3735?
1148
What is the remainder when 2112 is divided by 242?
176
What is the remainder when 39 is divided by 26?
13
Calculate the remainder when 688732 is divided by 137742.
22
Calculate the remainder when 17968 is divided by 21.
13
Calculate the remainder when 15543 is divided by 213.
207
What is the remainder when 1105 is divided by 483?
139
Calculate the remainder when 3704 is divided by 926.
0
What is the remainder when 9213 is divided by 2298?
21
Calculate the remainder when 192598 is divided by 2164.
2
Calculate the remainder when 6165 is divided by 194.
151
What is the remainder when 540 is divided by 127?
32
What is the remainder when 823 is divided by 202?
15
Calculate the remainder when 12228 is divided by 12.
0
Calculate the remainder when 36175 is divided by 60.
55
What is the remainder when 44858 is divided by 927?
362
What is the remainder when 8979 is divided by 7916?
1063
What is the remainder when 2217 is divided by 299?
124
What is the remainder when 14098 is divided by 134?
28
What is the remainder when 107502 is divided by 26?
18
Calculate the remainder when 66078 is divided by 16.
14
Calculate the remainder when 3255707 is divided by 157.
155
What is the remainder when 4853 is divided by 256?
245
What is the remainder when 34786 is divided by 43?
42
What is the remainder when 59349 is divided by 247?
69
Calculate the remainder when 403748 is divided by 201867.
14
Calculate the remainder when 3788 is divided by 17.
14
What is the remainder when 421 is divided by 21?
1
What is the remainder when 631818 is divided by 8?
2
Calculate the remainder when 1092958 is divided by 364313.
19
What is the remainder when 933126 is divided by 14?
12
Calculate the remainder when 3940 is divided by 58.
54
What is the remainder when 8411 is divided by 153?
149
What is the remainder when 13830 is divided by 1147?
66
Calculate the remainder when 1888 is divided by 126.
124
Calculate the remainder when 26921 is divided by 21.
20
What is the remainder when 1280 is divided by 179?
27
What is the remainder when 2905 is divided by 244?
221
What is the remainder when 5523 is divided by 241?
221
What is the remainder when 1049 is divided by 96?
89
What is the remainder when 90354 is divided by 285?
9
Calculate the remainder when 422799 is divided by 255.
9
Calculate the remainder when 31266 is divided by 265.
261
Calculate the remainder when 26903 is divided by 118.
117
Calculate the remainder when 9171 is divided by 31.
26
What is the remainder when 472 is divided by 7?
3
Calculate the remainder when 85187 is divided by 42587.
13
What is the remainder when 900 is divided by 34?
16
What is the remainder when 28202 is divided by 367?
310
What is the remainder when 74443 is divided by 122?
23
What is the remainder when 5978 is divided by 1527?
1397
Calculate the remainder when 424490 is divided by 1123.
1119
Calculate the remainder when 63859 is divided by 25.
9
What is the remainder when 7347 is divided by 51?
3
What is the remainder when 24020 is divided by 11999?
22
Calculate the remainder when 5015 is divided by 34.
17
What is the remainder when 167393 is divided by 12875?
18
What is the remainder when 6854 is divided by 1162?
1044
Calculate the remainder when 351661 is divided by 35164.
21
What is the remainder when 6067 is divided by 149?
107
Calculate the remainder when 136192 is divided by 45379.
55
What is the remainder when 7214 is divided by 307?
153
What is the remainder when 53150 is divided by 352?
350
Calculate the remainder when 1956 is divided by 4.
0
What is the remainder when 20469 is divided by 28?
1
Calculate the remainder when 140 is divided by 13.
10
What is the remainder when 16353 is divided by 103?
79
What is the remainder when 58366 is divided by 101?
89
Calculate the remainder when 10637 is divided by 291.
161
What is the remainder when 2587 is divided by 231?
46
Calculate the remainder when 7509 is divided by 7062.
447
What is the remainder when 74849 is divided by 81?
5
What is the remainder when 1060 is divided by 53?
0
Calculate the remainder when 12020 is divided by 162.
32
Calculate the remainder when 130268 is divided by 184.
180
What is the remainder when 2205 is divided by 2204?
1
Calculate the remainder when 437 is divided by 286.
151
Calculate the remainder when 1418 is divided by 288.
266
Calculate the remainder when 46342 is divided by 5148.
10
Calculate the remainder when 321 is divided by 116.
89
What is the remainder when 598244 is divided by 106?
86
What is the remainder when 15663 is divided by 78?
63
What is the remainder when 60774 is divided by 12146?
44
What is the remainder when 33187 is divided by 21?
7
Calculate the remainder when 1449237 is divided by 7.
6
What is the remainder when 64046 is divided by 539?
444
Calculate the remainder when 140575 is divided by 180.
175
Calculate the remainder when 49432 is divided by 107.
105
What is the remainder when 3019 is divided by 906?
301
Calculate the remainder when 786199 is divided by 100.
99
Calculate the remainder when 19946 is divided by 25.
21
Calculate the remainder when 9360 is divided by 246.
12
What is the remainder when 177800 is divided by 59253?
41
What is the remainder when 13087 is divided by 713?
253
What is the remainder when 63324 is divided by 113?
44
What is the remainder when 429265 is divided by 39?
31
Calculate the remainder when 901433 is divided by 818.
815
What is the remainder when 6192 is divided by 2124?
1944
Calculate the remainder when 45079 is divided by 490.
489
Calculate the remainder when 19385 is divided by 281.
277
What is the remainder when 8784 is divided by 326?
308
Calculate the remainder when 209017 is divided by 140.
137
Calculate the remainder when 49776 is divided by 300.
276
What is the remainder when 35721 is divided by 4460?
41
What is the remainder when 27598 is divided by 378?
4
What is the remainder when 3004 is divided by 582?
94
What is the remainder when 1386584 is divided by 106?
104
What is the remainder when 3835 is divided by 1917?
1
What is the remainder when 397396 is divided by 17278?
2
Calculate the remainder when 830623 is divided by 31.
9
Calculate the remainder when 25687 is divided by 25675.
12
What is the remainder when 816 is divided by 773?
43
What is the remainder when 126326 is divided by 7?
4
What is the remainder when 4611 is divided by 220?
211
Calculate the remainder when 2614 is divided by 2581.
33
Calculate the remainder when 22333 is divided by 392.
381
What is the remainder when 10273 is divided by 5129?
15
What is the remainder when 3457 is divided by 687?
22
What is the remainder when 249016 is divided by 147?
145
What is the remainder when 5301 is divided by 1042?
91
Calculate the remainder when 9122 is divided by 159.
59
Calculate the remainder when 4725 is divided by 261.
27
What is the remainder when 353137 is divided by 412?
53
Calculate the remainder when 68837 is divided by 11470.
17
Calculate the remainder when 496 is divided by 443.
53
What is the remainder when 3166 is divided by 133?
107
Calculate the remainder when 462373 is divided by 115592.
5
What is the remainder when 162654 is divided by 442?
440
What is the remainder when 18555 is divided by 1032?
1011
Calculate the remainder when 228055 is divided by 331.
327
Calculate the remainder when 34244 is divided by 11407.
23
What is the remainder when 48692 is divided by 2713?
2571
Calculate the remainder when 1565824 is divided by 25.
24
Calculate the remainder when 1055 is divided by 441.
173
What is the remainder when 28221 is divided by 40?
21
Calculate the remainder when 3641 is divided by 518.
15
What is the remainder when 2123 is divided by 1057?
9
What is the remainder when 190174 is divided by 42?
40
What is the remainder when 2813 is divided b